{"id":23,"date":"2023-04-01T11:22:41","date_gmt":"2023-04-01T09:22:41","guid":{"rendered":"http:\/\/actionsplussante.fr\/?page_id=23"},"modified":"2024-04-15T14:44:10","modified_gmt":"2024-04-15T12:44:10","slug":"a-propos","status":"publish","type":"page","link":"https:\/\/actionsplussante.fr\/index.php\/a-propos\/","title":{"rendered":"\u00c0 propos"},"content":{"rendered":"\n<div class=\"wp-block-group is-nowrap is-layout-flex wp-container-core-group-is-layout-ad2f72ca wp-block-group-is-layout-flex\">\n<figure class=\"wp-block-image size-large\"><img loading=\"lazy\" decoding=\"async\" width=\"1024\" height=\"1011\" src=\"https:\/\/actionsplussante.fr\/wp-content\/uploads\/2024\/04\/celineid-1-1024x1011.jpg\" alt=\"\" class=\"wp-image-83\" srcset=\"https:\/\/actionsplussante.fr\/wp-content\/uploads\/2024\/04\/celineid-1-1024x1011.jpg 1024w, https:\/\/actionsplussante.fr\/wp-content\/uploads\/2024\/04\/celineid-1-300x296.jpg 300w, https:\/\/actionsplussante.fr\/wp-content\/uploads\/2024\/04\/celineid-1-768x758.jpg 768w, https:\/\/actionsplussante.fr\/wp-content\/uploads\/2024\/04\/celineid-1.jpg 1117w\" sizes=\"auto, (max-width: 1024px) 100vw, 1024px\" \/><\/figure>\n\n\n\n<p>C\u00e9line H\u00e9laine est formatrice depuis 10 ans dans le secteur sanitaire et social, elle est sp\u00e9cialis\u00e9e dans l&#8217;accompagnement de la personne. Formatrice en CAP Accompagnant Educatif Petite Enfance (AEPE), Titre Pro Assistant de Vie aux Familles (ADVF), Dipl\u00f4me d&#8217;\u00c9tat Accompagnant Educatif et Social (DEAS), elle propose \u00e9galement des formations cl\u00e9 en main pour les Ehpad et les structures m\u00e9dico-sociales (SIAD, SAD&#8230; ).<\/p>\n\n\n<\/div>\n\n\n\n<p>ActionsPlusSante est une division de l&#8217;organisme de formation Les Consultantes, certifi\u00e9 Qualiopi. Vos formations peuvent donc \u00eatre financ\u00e9es par votre OPCO.<\/p>\n\n\n\n<p>Les formations peuvent \u00eatre dispens\u00e9es dans vos locaux, dans toute la France m\u00e9tropolitaine ou \u00e0 distance. <\/p>\n","protected":false},"excerpt":{"rendered":"<p>C\u00e9line H\u00e9laine est formatrice depuis 10 ans dans le secteur sanitaire et social, elle est sp\u00e9cialis\u00e9e dans l&#8217;accompagnement de la personne. Formatrice en CAP Accompagnant Educatif Petite Enfance (AEPE), Titre Pro Assistant de Vie aux Familles (ADVF), Dipl\u00f4me d&#8217;\u00c9tat Accompagnant Educatif et Social (DEAS), elle propose \u00e9galement des formations cl\u00e9 en main pour les Ehpad [&hellip;]<\/p>\n","protected":false},"author":1,"featured_media":0,"parent":0,"menu_order":0,"comment_status":"closed","ping_status":"closed","template":"","meta":{"footnotes":""},"class_list":["post-23","page","type-page","status-publish","hentry"],"yoast_head":"<!-- This site is optimized with the Yoast SEO plugin v22.4 - https:\/\/yoast.com\/wordpress\/plugins\/seo\/ -->\n<title>\u00c0 propos - Actions Plus Sant\u00e9<\/title>\n<meta name=\"robots\" content=\"index, follow, max-snippet:-1, max-image-preview:large, max-video-preview:-1\" \/>\n<link rel=\"canonical\" href=\"https:\/\/actionsplussante.fr\/index.php\/a-propos\/\" \/>\n<meta property=\"og:locale\" content=\"en_US\" \/>\n<meta property=\"og:type\" content=\"article\" \/>\n<meta property=\"og:title\" content=\"\u00c0 propos - Actions Plus Sant\u00e9\" \/>\n<meta property=\"og:description\" content=\"C\u00e9line H\u00e9laine est formatrice depuis 10 ans dans le secteur sanitaire et social, elle est sp\u00e9cialis\u00e9e dans l&#8217;accompagnement de la personne. Formatrice en CAP Accompagnant Educatif Petite Enfance (AEPE), Titre Pro Assistant de Vie aux Familles (ADVF), Dipl\u00f4me d&#8217;\u00c9tat Accompagnant Educatif et Social (DEAS), elle propose \u00e9galement des formations cl\u00e9 en main pour les Ehpad [&hellip;]\" \/>\n<meta property=\"og:url\" content=\"https:\/\/actionsplussante.fr\/index.php\/a-propos\/\" \/>\n<meta property=\"og:site_name\" content=\"Actions Plus Sant\u00e9\" \/>\n<meta property=\"article:modified_time\" content=\"2024-04-15T12:44:10+00:00\" \/>\n<meta property=\"og:image\" content=\"https:\/\/actionsplussante.fr\/wp-content\/uploads\/2024\/04\/celineid-1-1024x1011.jpg\" \/>\n<meta name=\"twitter:card\" content=\"summary_large_image\" \/>\n<meta name=\"twitter:label1\" content=\"Est. reading time\" \/>\n\t<meta name=\"twitter:data1\" content=\"1 minute\" \/>\n<script type=\"application\/ld+json\" class=\"yoast-schema-graph\">{\"@context\":\"https:\/\/schema.org\",\"@graph\":[{\"@type\":\"WebPage\",\"@id\":\"https:\/\/actionsplussante.fr\/index.php\/a-propos\/\",\"url\":\"https:\/\/actionsplussante.fr\/index.php\/a-propos\/\",\"name\":\"\u00c0 propos - Actions Plus Sant\u00e9\",\"isPartOf\":{\"@id\":\"https:\/\/actionsplussante.fr\/#website\"},\"primaryImageOfPage\":{\"@id\":\"https:\/\/actionsplussante.fr\/index.php\/a-propos\/#primaryimage\"},\"image\":{\"@id\":\"https:\/\/actionsplussante.fr\/index.php\/a-propos\/#primaryimage\"},\"thumbnailUrl\":\"https:\/\/actionsplussante.fr\/wp-content\/uploads\/2024\/04\/celineid-1-1024x1011.jpg\",\"datePublished\":\"2023-04-01T09:22:41+00:00\",\"dateModified\":\"2024-04-15T12:44:10+00:00\",\"breadcrumb\":{\"@id\":\"https:\/\/actionsplussante.fr\/index.php\/a-propos\/#breadcrumb\"},\"inLanguage\":\"en-US\",\"potentialAction\":[{\"@type\":\"ReadAction\",\"target\":[\"https:\/\/actionsplussante.fr\/index.php\/a-propos\/\"]}]},{\"@type\":\"ImageObject\",\"inLanguage\":\"en-US\",\"@id\":\"https:\/\/actionsplussante.fr\/index.php\/a-propos\/#primaryimage\",\"url\":\"https:\/\/actionsplussante.fr\/wp-content\/uploads\/2024\/04\/celineid-1.jpg\",\"contentUrl\":\"https:\/\/actionsplussante.fr\/wp-content\/uploads\/2024\/04\/celineid-1.jpg\",\"width\":1117,\"height\":1103,\"caption\":\"Screenshot\"},{\"@type\":\"BreadcrumbList\",\"@id\":\"https:\/\/actionsplussante.fr\/index.php\/a-propos\/#breadcrumb\",\"itemListElement\":[{\"@type\":\"ListItem\",\"position\":1,\"name\":\"Home\",\"item\":\"https:\/\/actionsplussante.fr\/\"},{\"@type\":\"ListItem\",\"position\":2,\"name\":\"\u00c0 propos\"}]},{\"@type\":\"WebSite\",\"@id\":\"https:\/\/actionsplussante.fr\/#website\",\"url\":\"https:\/\/actionsplussante.fr\/\",\"name\":\"Actions Plus Sant\u00e9\",\"description\":\"Formations sanitaire et social\",\"publisher\":{\"@id\":\"https:\/\/actionsplussante.fr\/#organization\"},\"potentialAction\":[{\"@type\":\"SearchAction\",\"target\":{\"@type\":\"EntryPoint\",\"urlTemplate\":\"https:\/\/actionsplussante.fr\/?s={search_term_string}\"},\"query-input\":\"required name=search_term_string\"}],\"inLanguage\":\"en-US\"},{\"@type\":\"Organization\",\"@id\":\"https:\/\/actionsplussante.fr\/#organization\",\"name\":\"Actions Plus Sant\u00e9\",\"url\":\"https:\/\/actionsplussante.fr\/\",\"logo\":{\"@type\":\"ImageObject\",\"inLanguage\":\"en-US\",\"@id\":\"https:\/\/actionsplussante.fr\/#\/schema\/logo\/image\/\",\"url\":\"https:\/\/actionsplussante.fr\/wp-content\/uploads\/2024\/04\/cropped-logoactionsplussante.jpg\",\"contentUrl\":\"https:\/\/actionsplussante.fr\/wp-content\/uploads\/2024\/04\/cropped-logoactionsplussante.jpg\",\"width\":208,\"height\":208,\"caption\":\"Actions Plus Sant\u00e9\"},\"image\":{\"@id\":\"https:\/\/actionsplussante.fr\/#\/schema\/logo\/image\/\"}}]}<\/script>\n<!-- \/ Yoast SEO plugin. -->","yoast_head_json":{"title":"\u00c0 propos - Actions Plus Sant\u00e9","robots":{"index":"index","follow":"follow","max-snippet":"max-snippet:-1","max-image-preview":"max-image-preview:large","max-video-preview":"max-video-preview:-1"},"canonical":"https:\/\/actionsplussante.fr\/index.php\/a-propos\/","og_locale":"en_US","og_type":"article","og_title":"\u00c0 propos - Actions Plus Sant\u00e9","og_description":"C\u00e9line H\u00e9laine est formatrice depuis 10 ans dans le secteur sanitaire et social, elle est sp\u00e9cialis\u00e9e dans l&#8217;accompagnement de la personne. Formatrice en CAP Accompagnant Educatif Petite Enfance (AEPE), Titre Pro Assistant de Vie aux Familles (ADVF), Dipl\u00f4me d&#8217;\u00c9tat Accompagnant Educatif et Social (DEAS), elle propose \u00e9galement des formations cl\u00e9 en main pour les Ehpad [&hellip;]","og_url":"https:\/\/actionsplussante.fr\/index.php\/a-propos\/","og_site_name":"Actions Plus Sant\u00e9","article_modified_time":"2024-04-15T12:44:10+00:00","og_image":[{"url":"https:\/\/actionsplussante.fr\/wp-content\/uploads\/2024\/04\/celineid-1-1024x1011.jpg"}],"twitter_card":"summary_large_image","twitter_misc":{"Est. reading time":"1 minute"},"schema":{"@context":"https:\/\/schema.org","@graph":[{"@type":"WebPage","@id":"https:\/\/actionsplussante.fr\/index.php\/a-propos\/","url":"https:\/\/actionsplussante.fr\/index.php\/a-propos\/","name":"\u00c0 propos - Actions Plus Sant\u00e9","isPartOf":{"@id":"https:\/\/actionsplussante.fr\/#website"},"primaryImageOfPage":{"@id":"https:\/\/actionsplussante.fr\/index.php\/a-propos\/#primaryimage"},"image":{"@id":"https:\/\/actionsplussante.fr\/index.php\/a-propos\/#primaryimage"},"thumbnailUrl":"https:\/\/actionsplussante.fr\/wp-content\/uploads\/2024\/04\/celineid-1-1024x1011.jpg","datePublished":"2023-04-01T09:22:41+00:00","dateModified":"2024-04-15T12:44:10+00:00","breadcrumb":{"@id":"https:\/\/actionsplussante.fr\/index.php\/a-propos\/#breadcrumb"},"inLanguage":"en-US","potentialAction":[{"@type":"ReadAction","target":["https:\/\/actionsplussante.fr\/index.php\/a-propos\/"]}]},{"@type":"ImageObject","inLanguage":"en-US","@id":"https:\/\/actionsplussante.fr\/index.php\/a-propos\/#primaryimage","url":"https:\/\/actionsplussante.fr\/wp-content\/uploads\/2024\/04\/celineid-1.jpg","contentUrl":"https:\/\/actionsplussante.fr\/wp-content\/uploads\/2024\/04\/celineid-1.jpg","width":1117,"height":1103,"caption":"Screenshot"},{"@type":"BreadcrumbList","@id":"https:\/\/actionsplussante.fr\/index.php\/a-propos\/#breadcrumb","itemListElement":[{"@type":"ListItem","position":1,"name":"Home","item":"https:\/\/actionsplussante.fr\/"},{"@type":"ListItem","position":2,"name":"\u00c0 propos"}]},{"@type":"WebSite","@id":"https:\/\/actionsplussante.fr\/#website","url":"https:\/\/actionsplussante.fr\/","name":"Actions Plus Sant\u00e9","description":"Formations sanitaire et social","publisher":{"@id":"https:\/\/actionsplussante.fr\/#organization"},"potentialAction":[{"@type":"SearchAction","target":{"@type":"EntryPoint","urlTemplate":"https:\/\/actionsplussante.fr\/?s={search_term_string}"},"query-input":"required name=search_term_string"}],"inLanguage":"en-US"},{"@type":"Organization","@id":"https:\/\/actionsplussante.fr\/#organization","name":"Actions Plus Sant\u00e9","url":"https:\/\/actionsplussante.fr\/","logo":{"@type":"ImageObject","inLanguage":"en-US","@id":"https:\/\/actionsplussante.fr\/#\/schema\/logo\/image\/","url":"https:\/\/actionsplussante.fr\/wp-content\/uploads\/2024\/04\/cropped-logoactionsplussante.jpg","contentUrl":"https:\/\/actionsplussante.fr\/wp-content\/uploads\/2024\/04\/cropped-logoactionsplussante.jpg","width":208,"height":208,"caption":"Actions Plus Sant\u00e9"},"image":{"@id":"https:\/\/actionsplussante.fr\/#\/schema\/logo\/image\/"}}]}},"_links":{"self":[{"href":"https:\/\/actionsplussante.fr\/index.php\/wp-json\/wp\/v2\/pages\/23","targetHints":{"allow":["GET"]}}],"collection":[{"href":"https:\/\/actionsplussante.fr\/index.php\/wp-json\/wp\/v2\/pages"}],"about":[{"href":"https:\/\/actionsplussante.fr\/index.php\/wp-json\/wp\/v2\/types\/page"}],"author":[{"embeddable":true,"href":"https:\/\/actionsplussante.fr\/index.php\/wp-json\/wp\/v2\/users\/1"}],"replies":[{"embeddable":true,"href":"https:\/\/actionsplussante.fr\/index.php\/wp-json\/wp\/v2\/comments?post=23"}],"version-history":[{"count":4,"href":"https:\/\/actionsplussante.fr\/index.php\/wp-json\/wp\/v2\/pages\/23\/revisions"}],"predecessor-version":[{"id":120,"href":"https:\/\/actionsplussante.fr\/index.php\/wp-json\/wp\/v2\/pages\/23\/revisions\/120"}],"wp:attachment":[{"href":"https:\/\/actionsplussante.fr\/index.php\/wp-json\/wp\/v2\/media?parent=23"}],"curies":[{"name":"wp","href":"https:\/\/api.w.org\/{rel}","templated":true}]}}