{"id":127,"date":"2024-04-24T11:01:30","date_gmt":"2024-04-24T09:01:30","guid":{"rendered":"https:\/\/actionsplussante.fr\/?page_id=127"},"modified":"2024-04-24T11:01:31","modified_gmt":"2024-04-24T09:01:31","slug":"formation-preparation-des-repas-a-domicile","status":"publish","type":"page","link":"https:\/\/actionsplussante.fr\/index.php\/formation-preparation-des-repas-a-domicile\/","title":{"rendered":"Formation pr\u00e9paration des repas"},"content":{"rendered":"\n<p><strong>Public et pr\u00e9requis<\/strong><\/p>\n\n\n\n<p><br>Public : La formation s\u2019adresse au personnel du service \u00e0 domicile, au personnel de l\u2019aide<br>\u00e0 domicile intervenant au domicile de particuliers.<br>Pr\u00e9requis : Aucun.<\/p>\n\n\n\n<p><br><strong>Accessibilit\u00e9 de la formation<\/strong><br>La formation est individualis\u00e9e, et peut \u00eatre adapt\u00e9e en fonction de vos besoins en accessibilit\u00e9.<br><\/p>\n\n\n\n<p><strong>Objectif p\u00e9dagogique global :<\/strong><br>\uf0b7 Savoir pr\u00e9parer des repas adapt\u00e9s et \u00e9quilibr\u00e9s<br>\uf0b7 Savoir organiser son activit\u00e9 et pr\u00e9voir les achats de denr\u00e9e alimentaire<br>\uf0b7 R\u00e9aliser les achats de denr\u00e9es alimentaires<br>\uf0b7 Ranger les denr\u00e9es alimentaires<br>\uf0b7 Respecter les r\u00e8gles d\u2019hygi\u00e8ne et maitriser les risques li\u00e9s \u00e0 la pr\u00e9paration des repas<br>\uf0b7 Respecter la liaison froide, la liaison chaude<br>\uf0b7 Utiliser les bonnes pratiques et les bonnes postures ergonomiques.<\/p>\n\n\n\n<p><strong>Objectifs p\u00e9dagogiques partiels<\/strong><br>A l\u2019issue des diff\u00e9rents modules ou s\u00e9quences de la formation, le stagiaire sera capable<br>de :<br>Objectif partiel 1 : Etre capable de pr\u00e9parer des repas \u00e9quilibr\u00e9s<br>\uf0b7 Connaitre les groupes alimentaires et les constituants alimentaires<br>\uf0b7 Utiliser les diff\u00e9rentes gammes de produit<br>\uf0b7 Identifier la composition des aliments<br>\uf0b7 R\u00e9aliser des repas \u00e9quilibr\u00e9s<br><\/p>\n\n\n\n<p>Objectif partiel 2 : Pr\u00e9parer des repas adapt\u00e9s<\/p>\n\n\n\n<p>\u25aa Connaitre les diff\u00e9rents r\u00e9gimes alimentaires<br>\u25aa Les textures<br>\u25aa Respecter les gouts de la personne<\/p>\n\n\n\n<p>Objectif partiel 3 : R\u00e9pondre aux besoins nutritionnels de la personne<br>\u25aa Savoir pr\u00e9parer des repas adapt\u00e9s et \u00e9quilibr\u00e9s<\/p>\n\n\n\n<p>Objectif partiel 4 : Pr\u00e9venir des risques li\u00e9s \u00e0 la pr\u00e9paration des repas<br>\u25aa Respecter les r\u00e8gles d\u2019hygi\u00e8ne personnelle et professionnelle<br>\u25aa Respecter les r\u00e8gles d\u2019hygi\u00e8ne alimentaire<br>\u25aa Pr\u00e9parer son poste de travail<br>\u25aa Pr\u00e9venir les accidents domestiques li\u00e9s \u00e0 l\u2019utilisation aux activit\u00e9s de pr\u00e9paration culinaires&nbsp;:<br>les risques de coupures, chutes, \u00e9lectrisation \u2026<br>\u25aa Effectuer les gestes d\u2019urgence en cas de brulure, de chute\u2026<br>\u25aa Utiliser et entretenir le mat\u00e9riel et les appareils \u00e9lectrom\u00e9nagers<\/p>\n\n\n\n<p><strong>M\u00e9thodes et moyens p\u00e9dagogiques<\/strong><br>\u25aa M\u00e9thode p\u00e9dagogique active : cas pratique<br>\u25aa M\u00e9thode p\u00e9dagogique expositive : expos\u00e9 par la formatrice de connaissances th\u00e9oriques de l\u2019activit\u00e9<\/p>\n\n\n\n<p><strong>Ressources p\u00e9dagogiques<\/strong><br>\u25aa Support de cours<br>\u25aa Supports d\u2019animation : CD<br>\u25aa Fiches pratiques<\/p>\n\n\n\n<p><strong>La formatrice<\/strong><br>Professionnelle de l\u2019accompagnement en structure m\u00e9dico-sociale et \u00e0 domicile, C\u00e9line H\u00e9laine est formatrice depuis pr\u00e8s de 10 ans. Dot\u00e9e d\u2019une solide exp\u00e9rience dans l\u2019accompagnement des personnes \u00e2g\u00e9es, des personnes atteintes de troubles psychiatriques et des personnes d\u00e9pendantes dans tous leurs actes de la vie quotidienne, dans le respect de leurs volont\u00e9s et de leurs capacit\u00e9s.<\/p>\n\n\n\n<p><strong>Moyens techniques<\/strong><br>Pr\u00e9sentiel<br><\/p>\n\n\n\n<p><strong>\u00c9valuation<\/strong><br>Une \u00e9valuation de la pratique professionnelle et de l\u2019application des techniques propos\u00e9es sera faite de mani\u00e8re continue.<br>Dispositifs d\u2019\u00e9valuation \u00e0 la fin et apr\u00e8s la formation : Une attestation de suivi de formation sera d\u00e9livr\u00e9e \u00e0 l\u2019issue de la formation.<br>A la fin de la formation, un entretien t\u00e9l\u00e9phonique sera propos\u00e9 afin d\u2019\u00e9valuer de quelle mani\u00e8re le\/la stagiaire a pu appliquer ses connaissances.<br><\/p>\n\n\n\n<p><strong>Sanction de la formation<\/strong><br>Une attestation de suivi de la formation sera remise \u00e0 la\/au stagiaire.<br><\/p>\n\n\n\n<p><strong>Programme:<\/strong><br>Modules au choix individualis\u00e9s et ajust\u00e9s tout au long de la formation en fonction<br>de la progression<\/p>\n\n\n\n<p><br><strong>Module 1 \u2013 4h<\/strong><br>La pr\u00e9paration des repas<br>Pr\u00e9parer un repas \u00e9quilibr\u00e9 et adapt\u00e9<br>Identifier les groupes alimentaires et analyser des menus<br>Choisir des aliments en tenant compte de leurs constituants alimentaires et des besoins<br>de la personne<br>Stocker les denr\u00e9es alimentaires en vue de leur pr\u00e9paration<br>Maitriser les techniques\u00a0de pr\u00e9paration des l\u00e9gumes\u00a0: nettoyage, \u00e9pluchage, taillageRespecter les r\u00e8gles de s\u00e9curit\u00e9 et utiliser le mat\u00e9riel adapt\u00e9<br>Validation des acquis : quiz<\/p>\n\n\n\n<p><strong>Module 2 \u2013 3h<\/strong><br>Pr\u00e9parer un repas\u00a0: entr\u00e9e, plat, dessert<br>Tenue professionnelle et hygi\u00e8ne professionnelle<br>Pr\u00e9parer une entr\u00e9e froide : nettoyer, \u00e9plucher et tailler des l\u00e9gumes<br>Pr\u00e9parer un plat, r\u00e9aliser une sauce\u00a0: techniques culinaires<br>Pr\u00e9parer un dessert et un go\u00fbter\u00a0:<br>Conserver les aliments<br>Validation des acquis : mise en pratique, atelier cuisine et quiz<\/p>\n\n\n\n<p><strong>Module 3 &#8211; 4h<\/strong><br>Pr\u00e9parer un repas adapt\u00e9<br>D\u00e9crire et justifier l\u2019importance de tenir compte des besoins de la personne, de ses<br>capacit\u00e9s, de ses go\u00fbts et de ses habitudes<br>Tenir compte des r\u00e9gimes alimentaires, connaitre les aliments de substitution en cas<br>d\u2019allergie ou d\u2019intol\u00e9rance.<br>Adapter un repas aux capacit\u00e9s de la personne\u00a0: les textures<br>Pr\u00e9vention des risques de d\u00e9shydratation<br>R\u00e9aliser un repas adapt\u00e9 et \u00e9quilibr\u00e9Validation des acquis : analyses de situation, mise en pratique et quiz<\/p>\n\n\n\n<p><strong>Module 4 \u2013 3h<\/strong><br>R\u00e9aliser un repas avec la participation de la personne accompagn\u00e9e<br>Communiquer avec la personne\u00a0: ses habitudes, ses go\u00fbts<br>Pr\u00e9voir les achats et effectuer les achats<br>Pr\u00e9parer son poste de travail et installer la personne accompagn\u00e9e<br>R\u00e9aliser avec la personne et stimuler la personne pendant la pr\u00e9paration d\u2019une recette<br>Exercices pratiques<br>Validation des acquis : cas pratiques<\/p>\n\n\n\n<p><strong>Tarifs:<\/strong><br>25 \u20ac TTC\/participant\/h de formation<\/p>\n","protected":false},"excerpt":{"rendered":"<p>Public et pr\u00e9requis Public : La formation s\u2019adresse au personnel du service \u00e0 domicile, au personnel de l\u2019aide\u00e0 domicile intervenant au domicile de particuliers.Pr\u00e9requis : Aucun. Accessibilit\u00e9 de la formationLa formation est individualis\u00e9e, et peut \u00eatre adapt\u00e9e en fonction de vos besoins en accessibilit\u00e9. Objectif p\u00e9dagogique global :\uf0b7 Savoir pr\u00e9parer des repas adapt\u00e9s et \u00e9quilibr\u00e9s\uf0b7 [&hellip;]<\/p>\n","protected":false},"author":1,"featured_media":0,"parent":0,"menu_order":0,"comment_status":"closed","ping_status":"closed","template":"","meta":{"footnotes":""},"class_list":["post-127","page","type-page","status-publish","hentry"],"yoast_head":"<!-- This site is optimized with the Yoast SEO plugin v22.4 - https:\/\/yoast.com\/wordpress\/plugins\/seo\/ -->\n<title>Formation pr\u00e9paration des repas - Actions Plus Sant\u00e9<\/title>\n<meta name=\"description\" content=\"Formez vos salari\u00e9.es aide \u00e0 domicile \u00e0 la pr\u00e9paration des repas \u00e0 domicile. Choisissez les modules \u00e0 la cart: pr\u00e9paration de repas \u00e9quilibr\u00e9s, adapt\u00e9s...\" \/>\n<meta name=\"robots\" content=\"index, follow, max-snippet:-1, max-image-preview:large, max-video-preview:-1\" \/>\n<link rel=\"canonical\" href=\"https:\/\/actionsplussante.fr\/index.php\/formation-preparation-des-repas-a-domicile\/\" \/>\n<meta property=\"og:locale\" content=\"en_US\" \/>\n<meta property=\"og:type\" content=\"article\" \/>\n<meta property=\"og:title\" content=\"Formation pr\u00e9paration des repas - Actions Plus Sant\u00e9\" \/>\n<meta property=\"og:description\" content=\"Formez vos salari\u00e9.es aide \u00e0 domicile \u00e0 la pr\u00e9paration des repas \u00e0 domicile. Choisissez les modules \u00e0 la cart: pr\u00e9paration de repas \u00e9quilibr\u00e9s, adapt\u00e9s...\" \/>\n<meta property=\"og:url\" content=\"https:\/\/actionsplussante.fr\/index.php\/formation-preparation-des-repas-a-domicile\/\" \/>\n<meta property=\"og:site_name\" content=\"Actions Plus Sant\u00e9\" \/>\n<meta property=\"article:modified_time\" content=\"2024-04-24T09:01:31+00:00\" \/>\n<meta name=\"twitter:card\" content=\"summary_large_image\" \/>\n<meta name=\"twitter:label1\" content=\"Est. reading time\" \/>\n\t<meta name=\"twitter:data1\" content=\"4 minutes\" \/>\n<script type=\"application\/ld+json\" class=\"yoast-schema-graph\">{\"@context\":\"https:\/\/schema.org\",\"@graph\":[{\"@type\":\"WebPage\",\"@id\":\"https:\/\/actionsplussante.fr\/index.php\/formation-preparation-des-repas-a-domicile\/\",\"url\":\"https:\/\/actionsplussante.fr\/index.php\/formation-preparation-des-repas-a-domicile\/\",\"name\":\"Formation pr\u00e9paration des repas - Actions Plus Sant\u00e9\",\"isPartOf\":{\"@id\":\"https:\/\/actionsplussante.fr\/#website\"},\"datePublished\":\"2024-04-24T09:01:30+00:00\",\"dateModified\":\"2024-04-24T09:01:31+00:00\",\"description\":\"Formez vos salari\u00e9.es aide \u00e0 domicile \u00e0 la pr\u00e9paration des repas \u00e0 domicile. Choisissez les modules \u00e0 la cart: pr\u00e9paration de repas \u00e9quilibr\u00e9s, adapt\u00e9s...\",\"breadcrumb\":{\"@id\":\"https:\/\/actionsplussante.fr\/index.php\/formation-preparation-des-repas-a-domicile\/#breadcrumb\"},\"inLanguage\":\"en-US\",\"potentialAction\":[{\"@type\":\"ReadAction\",\"target\":[\"https:\/\/actionsplussante.fr\/index.php\/formation-preparation-des-repas-a-domicile\/\"]}]},{\"@type\":\"BreadcrumbList\",\"@id\":\"https:\/\/actionsplussante.fr\/index.php\/formation-preparation-des-repas-a-domicile\/#breadcrumb\",\"itemListElement\":[{\"@type\":\"ListItem\",\"position\":1,\"name\":\"Home\",\"item\":\"https:\/\/actionsplussante.fr\/\"},{\"@type\":\"ListItem\",\"position\":2,\"name\":\"Formation pr\u00e9paration des repas\"}]},{\"@type\":\"WebSite\",\"@id\":\"https:\/\/actionsplussante.fr\/#website\",\"url\":\"https:\/\/actionsplussante.fr\/\",\"name\":\"Actions Plus Sant\u00e9\",\"description\":\"Formations sanitaire et social\",\"publisher\":{\"@id\":\"https:\/\/actionsplussante.fr\/#organization\"},\"potentialAction\":[{\"@type\":\"SearchAction\",\"target\":{\"@type\":\"EntryPoint\",\"urlTemplate\":\"https:\/\/actionsplussante.fr\/?s={search_term_string}\"},\"query-input\":\"required name=search_term_string\"}],\"inLanguage\":\"en-US\"},{\"@type\":\"Organization\",\"@id\":\"https:\/\/actionsplussante.fr\/#organization\",\"name\":\"Actions Plus Sant\u00e9\",\"url\":\"https:\/\/actionsplussante.fr\/\",\"logo\":{\"@type\":\"ImageObject\",\"inLanguage\":\"en-US\",\"@id\":\"https:\/\/actionsplussante.fr\/#\/schema\/logo\/image\/\",\"url\":\"https:\/\/actionsplussante.fr\/wp-content\/uploads\/2024\/04\/cropped-logoactionsplussante.jpg\",\"contentUrl\":\"https:\/\/actionsplussante.fr\/wp-content\/uploads\/2024\/04\/cropped-logoactionsplussante.jpg\",\"width\":208,\"height\":208,\"caption\":\"Actions Plus Sant\u00e9\"},\"image\":{\"@id\":\"https:\/\/actionsplussante.fr\/#\/schema\/logo\/image\/\"}}]}<\/script>\n<!-- \/ Yoast SEO plugin. -->","yoast_head_json":{"title":"Formation pr\u00e9paration des repas - Actions Plus Sant\u00e9","description":"Formez vos salari\u00e9.es aide \u00e0 domicile \u00e0 la pr\u00e9paration des repas \u00e0 domicile. Choisissez les modules \u00e0 la cart: pr\u00e9paration de repas \u00e9quilibr\u00e9s, adapt\u00e9s...","robots":{"index":"index","follow":"follow","max-snippet":"max-snippet:-1","max-image-preview":"max-image-preview:large","max-video-preview":"max-video-preview:-1"},"canonical":"https:\/\/actionsplussante.fr\/index.php\/formation-preparation-des-repas-a-domicile\/","og_locale":"en_US","og_type":"article","og_title":"Formation pr\u00e9paration des repas - Actions Plus Sant\u00e9","og_description":"Formez vos salari\u00e9.es aide \u00e0 domicile \u00e0 la pr\u00e9paration des repas \u00e0 domicile. Choisissez les modules \u00e0 la cart: pr\u00e9paration de repas \u00e9quilibr\u00e9s, adapt\u00e9s...","og_url":"https:\/\/actionsplussante.fr\/index.php\/formation-preparation-des-repas-a-domicile\/","og_site_name":"Actions Plus Sant\u00e9","article_modified_time":"2024-04-24T09:01:31+00:00","twitter_card":"summary_large_image","twitter_misc":{"Est. reading time":"4 minutes"},"schema":{"@context":"https:\/\/schema.org","@graph":[{"@type":"WebPage","@id":"https:\/\/actionsplussante.fr\/index.php\/formation-preparation-des-repas-a-domicile\/","url":"https:\/\/actionsplussante.fr\/index.php\/formation-preparation-des-repas-a-domicile\/","name":"Formation pr\u00e9paration des repas - Actions Plus Sant\u00e9","isPartOf":{"@id":"https:\/\/actionsplussante.fr\/#website"},"datePublished":"2024-04-24T09:01:30+00:00","dateModified":"2024-04-24T09:01:31+00:00","description":"Formez vos salari\u00e9.es aide \u00e0 domicile \u00e0 la pr\u00e9paration des repas \u00e0 domicile. Choisissez les modules \u00e0 la cart: pr\u00e9paration de repas \u00e9quilibr\u00e9s, adapt\u00e9s...","breadcrumb":{"@id":"https:\/\/actionsplussante.fr\/index.php\/formation-preparation-des-repas-a-domicile\/#breadcrumb"},"inLanguage":"en-US","potentialAction":[{"@type":"ReadAction","target":["https:\/\/actionsplussante.fr\/index.php\/formation-preparation-des-repas-a-domicile\/"]}]},{"@type":"BreadcrumbList","@id":"https:\/\/actionsplussante.fr\/index.php\/formation-preparation-des-repas-a-domicile\/#breadcrumb","itemListElement":[{"@type":"ListItem","position":1,"name":"Home","item":"https:\/\/actionsplussante.fr\/"},{"@type":"ListItem","position":2,"name":"Formation pr\u00e9paration des repas"}]},{"@type":"WebSite","@id":"https:\/\/actionsplussante.fr\/#website","url":"https:\/\/actionsplussante.fr\/","name":"Actions Plus Sant\u00e9","description":"Formations sanitaire et social","publisher":{"@id":"https:\/\/actionsplussante.fr\/#organization"},"potentialAction":[{"@type":"SearchAction","target":{"@type":"EntryPoint","urlTemplate":"https:\/\/actionsplussante.fr\/?s={search_term_string}"},"query-input":"required name=search_term_string"}],"inLanguage":"en-US"},{"@type":"Organization","@id":"https:\/\/actionsplussante.fr\/#organization","name":"Actions Plus Sant\u00e9","url":"https:\/\/actionsplussante.fr\/","logo":{"@type":"ImageObject","inLanguage":"en-US","@id":"https:\/\/actionsplussante.fr\/#\/schema\/logo\/image\/","url":"https:\/\/actionsplussante.fr\/wp-content\/uploads\/2024\/04\/cropped-logoactionsplussante.jpg","contentUrl":"https:\/\/actionsplussante.fr\/wp-content\/uploads\/2024\/04\/cropped-logoactionsplussante.jpg","width":208,"height":208,"caption":"Actions Plus Sant\u00e9"},"image":{"@id":"https:\/\/actionsplussante.fr\/#\/schema\/logo\/image\/"}}]}},"_links":{"self":[{"href":"https:\/\/actionsplussante.fr\/index.php\/wp-json\/wp\/v2\/pages\/127","targetHints":{"allow":["GET"]}}],"collection":[{"href":"https:\/\/actionsplussante.fr\/index.php\/wp-json\/wp\/v2\/pages"}],"about":[{"href":"https:\/\/actionsplussante.fr\/index.php\/wp-json\/wp\/v2\/types\/page"}],"author":[{"embeddable":true,"href":"https:\/\/actionsplussante.fr\/index.php\/wp-json\/wp\/v2\/users\/1"}],"replies":[{"embeddable":true,"href":"https:\/\/actionsplussante.fr\/index.php\/wp-json\/wp\/v2\/comments?post=127"}],"version-history":[{"count":1,"href":"https:\/\/actionsplussante.fr\/index.php\/wp-json\/wp\/v2\/pages\/127\/revisions"}],"predecessor-version":[{"id":128,"href":"https:\/\/actionsplussante.fr\/index.php\/wp-json\/wp\/v2\/pages\/127\/revisions\/128"}],"wp:attachment":[{"href":"https:\/\/actionsplussante.fr\/index.php\/wp-json\/wp\/v2\/media?parent=127"}],"curies":[{"name":"wp","href":"https:\/\/api.w.org\/{rel}","templated":true}]}}